220 divide 47300?
True
Does 296 divide 6512?
True
Does 193 divide 692291?
True
Is 3008992 a multiple of 931?
True
Is 12 a factor of 526500?
True
Is 6915327 a multiple of 42?
False
Does 16 divide 181890?
False
Is 13 a factor of 20552705?
False
Is 4 a factor of 1033832?
True
Is 12276 a multiple of 124?
True
Does 171 divide 135551?
False
Does 4 divide 31856?
True
Is 45 a factor of 3998749?
False
Is 5183929 a multiple of 17?
True
Is 2548900 a multiple of 284?
True
Does 40 divide 109348?
False
Is 4 a factor of 4569319?
False
Is 9 a factor of 147363?
False
Is 28 a factor of 119022?
False
Is 602 a factor of 10244884?
False
Is 319179 a multiple of 84?
False
Is 313 a factor of 9022039?
False
Does 106 divide 110506?
False
Is 125 a factor of 142875?
True
Is 62 a factor of 1961246?
True
Is 732438 a multiple of 2?
True
Is 439659 a multiple of 522?
False
Is 986176 a multiple of 16?
True
Is 10 a factor of 4605490?
True
Is 82656 a multiple of 8?
True
Is 19 a factor of 9706938?
False
Is 3403185 a multiple of 15?
True
Is 5169208 a multiple of 11?
True
Does 424 divide 788799?
False
Does 28 divide 313824?
True
Is 66 a factor of 13134?
True
Does 14 divide 941900?
False
Does 18 divide 5743478?
False
Does 15 divide 6703860?
True
Is 1056438 a multiple of 58?
False
Is 99448 even?
True
Is 317279 a multiple of 9?
False
Does 9 divide 2135385?
True
Is 405 a factor of 1000755?
True
Is 33 a factor of 246530?
False
Is 2578399 a multiple of 61?
False
Is 191408 a multiple of 38?
False
Does 13 divide 106769?
True
Is 46047 a multiple of 94?
False
Is 3719401 a multiple of 18?
False
Is 407736 a multiple of 21?
True
Is 20 a factor of 816760?
True
Is 380 a factor of 2007445?
False
Does 145 divide 6333890?
True
Does 8 divide 50129?
False
Is 26 a factor of 9951?
False
Is 1909124 a multiple of 82?
True
Is 137 a factor of 110553?
False
Does 294 divide 109076?
False
Is 8 a factor of 84728?
True
Does 406 divide 22202516?
True
Is 99493 a multiple of 17?
False
Does 549 divide 413193?
False
Does 99 divide 1416262?
False
Does 81 divide 815103?
True
Does 48 divide 47889?
False
Does 123 divide 3910908?
True
Is 42 a factor of 166740?
True
Is 73 a factor of 843369?
True
Is 8 a factor of 60696?
True
Is 35 a factor of 119945?
True
Does 147 divide 265188?
True
Is 25 a factor of 2144875?
True
Does 750 divide 19644000?
True
Is 339 a factor of 165432?
True
Does 12 divide 1728804?
True
Does 142 divide 2586104?
True
Is 594860 a multiple of 16?
False
Does 32 divide 569305?
False
Does 42 divide 150680?
False
Does 554 divide 70642?
False
Is 94 a factor of 82615?
False
Is 8631602 a multiple of 14?
True
Is 162350 a multiple of 14?
False
Is 339 a factor of 3660553?
False
Is 1258828 a multiple of 9?
False
Is 2944251 a multiple of 198?
False
Is 16 a factor of 2768336?
True
Is 48 a factor of 4229328?
True
Does 315 divide 307300?
False
Is 4 a factor of 308715?
False
Is 2 a factor of 342281?
False
Does 34 divide 929686?
False
Does 2 divide 14486?
True
Is 3788122 a multiple of 53?
True
Is 1787328 a multiple of 29?
True
Is 1459161 a multiple of 289?
True
Is 788455 a multiple of 23?
False
Is 48 a factor of 2285952?
True
Is 51397 a multiple of 20?
False
Is 4667552 a multiple of 252?
False
Is 272 a factor of 189040?
True
Is 711 a factor of 1090674?
True
Is 8 a factor of 62479?
False
Is 11 a factor of 162574?
False
Does 20 divide 143535?
False
Is 20280 a multiple of 4?
True
Is 12948 a multiple of 249?
True
Is 1239102 a multiple of 207?
True
Is 1803818 a multiple of 25?
False
Does 142 divide 442472?
True
Does 34 divide 103246?
False
Is 36431 a multiple of 171?
False
Does 42 divide 3654?
True
Is 2507707 a multiple of 10?
False
Is 1954425 a multiple of 575?
True
Does 6 divide 2160?
True
Is 1321076 a multiple of 188?
True
Is 6 a factor of 1878?
True
Does 181 divide 415043?
False
Is 14 a factor of 4864132?
True
Is 17 a factor of 2595696?
True
Is 85 a factor of 9435?
True
Is 20591946 a multiple of 1086?
False
Is 108 a factor of 72231?
False
Is 13 a factor of 326848?
False
Is 30 a factor of 39780?
True
Is 347010 a multiple of 3?
True
Is 139 a factor of 94520?
True
Is 11 a factor of 15754?
False
Does 137 divide 315785?
True
Is 362375 a multiple of 10?
False
Is 23 a factor of 434079?
True
Does 17 divide 2124743?
False
Is 222732 a multiple of 18?
True
Is 44 a factor of 2319590?
False
Is 16174497 a multiple of 23?
True
Is 105 a factor of 629276?
False
Is 8218735 a multiple of 85?
True
Does 314 divide 431032?
False
Is 39692 a multiple of 3?
False
Does 8 divide 20030?
False
Is 5719165 a multiple of 295?
True
Is 185448 a multiple of 18?
False
Does 115 divide 1177774?
False
Is 1256 a factor of 563944?
True
Is 5265 a multiple of 81?
True
Is 128751 a multiple of 7?
True
Is 494460 a multiple of 36?
True
Is 482 a factor of 761560?
True
Is 85514 a multiple of 31?
False
Does 77 divide 290444?
True
Is 18 a factor of 172872?
True
Is 350 a factor of 47488?
False
Is 126 a factor of 230706?
True
Does 154 divide 12174778?
True
Is 50896 a multiple of 22?
False
Does 91 divide 2806167?
True
Is 14 a factor of 5800756?
False
Is 171788 a multiple of 67?
True
Does 12 divide 6347544?
True
Is 527548 a multiple of 33?
False
Is 46 a factor of 18401?
False
Is 3994991 a multiple of 13?
True
Is 13514531 a multiple of 13?
False
Does 334 divide 40414?
True
Is 11 a factor of 5471752?
True
Is 136439 a multiple of 167?
True
Does 421 divide 5805450?
False
Is 434824 a multiple of 481?
True
Does 138 divide 3261840?
False
Is 73 a factor of 493553?
True
Is 284 a factor of 3566756?
True
Does 25 divide 22850?
True
Does 126 divide 1584708?
False
Is 7 a factor of 13601?
True
Does 67 divide 84252?
False
Does 266 divide 757349?
False
Does 61 divide 3063192?
False
Is 360260 a multiple of 8?
False
Is 1798895 a multiple of 515?
True
Is 142660 a multiple of 28?
True
Is 400 a factor of 1187600?
True
Is 5 a factor of 17553?
False
Is 3 a factor of 247743?
True
Does 40 divide 125746?
False
Does 271 divide 237677?
False
Is 14 a factor of 1158038?
True
Does 740 divide 1443810?
False
Is 800653 a multiple of 13?
False
Is 50 a factor of 186650?
True
Is 219570 a multiple of 195?
True
Is 204374 a multiple of 382?
False
Does 1098 divide 13888721?
False
Does 8 divide 1052659?
False
Is 84 a factor of 2732436?
True
Is 28 a factor of 307020?
True
Does 7 divide 1565903?
False
Does 205 divide 48585?
True
Is 284460 a multiple of 30?
True
Is 845133 a multiple of 10?
False
Is 112 a factor of 27636?
False
Is 607698 a multiple of 39?
True
Does 5 divide 41936?
False
Is 14 a factor of 4938460?
False
Is 13 a factor of 32363?
False
Is 20 a factor of 3441180?
True
Is 17152 a multiple of 4?
True
Is 1345518 a multiple of 107?
False
Is 18 a factor of 3376494?
True
Is 3904505 a multiple of 11?
True
Is 7923712 a multiple of 212?
True
Is 185 a factor of 331724?
False
Is 914931 a multiple of 87?
False
Does 20 divide 1794554?
False
Is 1390290 a multiple of 383?
True
Is 56 a factor of 2298688?
True
Is 499181 a multiple of 292?
False
Is 6 a factor of 40074?
True
Is 4 a factor of 1317971?
False
Does 79 divide 1055194?
False
Is 12 a factor of 1735631?
False
Is 354745 a multiple of 23?
False
Does 75 divide 137400?
True
Does 543 divide 6577793?
False
Is 953939 a multiple of 17?
False
Does 801 divide 7357185?
True
Is 238 a factor of 121901?
False
Is 98 a factor of 10743506?
False
Is 3676229 a multiple of 43?
False
Is 32 a factor of 245776?
False
Does 189 divide 164133?
False
Is 43 a factor of 13482?
False
Does 465 divide 7432560?
True
Is 45 a factor of 599220?
True
Does 946 divide 238392?
True
Is 2 a factor of 29674?
True
Is 2 a factor of 65112?
True
Does 9 divide 531936?
True
Is 196 a factor of 230888?
True
Is 14784 a multiple of 77?
True
Does 10 divide 146990?
True
Is 3759956 a multiple of 518?
False
Does 27 divide 99608?
False
Is 164 a factor of 561119?
False
Is 134 a factor of 1336382?
True
Does 6 divide 10200?
True
Is 58 a factor of 14054?
False
Is 44574 a multiple of 46?
True
Does 13 divide 154388?
True
Is 54200 a multiple of 131?
False
Does 289 divide 1242122?
True
Does 4 divide 611531?
False
Does 28 divide 15464617?
False
Is 335 a factor of 8188143?
False
Is 27 a factor of 922836?
False
Is 1283920 a multiple of 25?
False
Is 42 a factor of 444780?
True
Is 637239 a multiple of 41?
False
Does 422 divide 900126?
T